{"id":1002,"date":"2021-12-11T16:20:44","date_gmt":"2021-12-11T15:20:44","guid":{"rendered":"https:\/\/www.antibo.it\/?page_id=1002"},"modified":"2021-12-11T16:31:26","modified_gmt":"2021-12-11T15:31:26","slug":"privacy","status":"publish","type":"page","link":"https:\/\/www.antibo.it\/?page_id=1002","title":{"rendered":"Privacy"},"content":{"rendered":"<p>[vc_row][vc_column][vc_column_text]<\/p>\n<h2>Informativa sulla Privacy ai sensi GDPR (Regolamento UE 201 6\/679)<\/h2>\n<p>I dati possono essere oggetto di trattamento da parte di Antibo sas per le seguenti finalit\u00e0:<\/p>\n<p>a) per lo svolgimento di servizi di cui il Soggetto interessato vuole avvalersi, per finalit\u00e0 contrattuali, amministrative, contabili, fiscali, gestionali e legali per la vendita di prodotti e servizi ivi connesse attivit\u00e0 preliminari per esecuzione degli stessi e successive (art. 6 comma 1 lettera .b e .c del regolamento UE 2016\/679);<\/p>\n<p>b) per finalit\u00e0 promo-pubblicitarie tra cui offerte e novit\u00e0 su prodotti e servizi trattati da Antibo sas, attivit\u00e0 di marketing nonch\u00e9 indagini sulla soddisfazione del Soggetto Interessato per servizi e prodotti ricevuti. In tal senso di Dati acquisiti saranno: dati fiscali, di contatto, del luogo in cui si eseguono i servizi, dati tecnici dei prodotti oggetto dei servizi. In caso di acquisto o prodotti da Antibo sas il conferimento dei dati del Soggetto Interessato \u00e8 necessario per l\u2019espletamento di quanto richiesto e il rifiuto, anche parziale, del conferimento dei dati pu\u00f2 determinare l\u2019impossibilit\u00e0 da parte di Antibo sas di fornire quanto richiesto dal Soggetto Interessato.<\/p>\n<p>Il trattamento dei dati avverr\u00e0 tramite l\u2019ausilio di strumenti elettronici, informatici, telematici con logiche correlate alle finalit\u00e0 espresse e in modo da garantire la sicurezza e la riservatezza dei dati. Si specifica che i dati saranno forniti ad aziende esterne esclusivamente nel caso in cui Antibo sas, per la fornitura dei servizi o prodotti richiesti o offerti al Soggetto Interessato, operi per nome e per conto di tali aziende. Il Soggetto Interessato ha diritto di ottenere conferma dell\u2019esistenza o meno dei dati che lo riguardano, riceverne una copia, chiederne l\u2019aggiornamento o la cancellazione in questo caso con conseguente sospensione dei servizi attivi e l\u2019opposizione alle attivit\u00e0 di marketing diretto.<\/p>\n<p>I dati sono conservati per 5 anni dal termine dell\u2019erogazione dei servizi acquistati o richiesti.[\/vc_column_text][\/vc_column][\/vc_row]<\/p>\n","protected":false},"excerpt":{"rendered":"<p>[vc_row][vc_column][vc_column_text] Informativa sulla Privacy ai sensi GDPR (Regolamento UE 201 6\/679) I dati possono essere oggetto di trattamento da parte di Antibo sas per le seguenti finalit\u00e0: a) per lo svolgimento di servizi di cui il Soggetto interessato vuole avvalersi, per finalit\u00e0 contrattuali, amministrative, contabili, fiscali, gestionali e legali per la vendita di prodotti e [&hellip;]<\/p>\n","protected":false},"author":1,"featured_media":0,"parent":0,"menu_order":0,"comment_status":"closed","ping_status":"closed","template":"","meta":[],"_links":{"self":[{"href":"https:\/\/www.antibo.it\/index.php?rest_route=\/wp\/v2\/pages\/1002"}],"collection":[{"href":"https:\/\/www.antibo.it\/index.php?rest_route=\/wp\/v2\/pages"}],"about":[{"href":"https:\/\/www.antibo.it\/index.php?rest_route=\/wp\/v2\/types\/page"}],"author":[{"embeddable":true,"href":"https:\/\/www.antibo.it\/index.php?rest_route=\/wp\/v2\/users\/1"}],"replies":[{"embeddable":true,"href":"https:\/\/www.antibo.it\/index.php?rest_route=%2Fwp%2Fv2%2Fcomments&post=1002"}],"version-history":[{"count":2,"href":"https:\/\/www.antibo.it\/index.php?rest_route=\/wp\/v2\/pages\/1002\/revisions"}],"predecessor-version":[{"id":1004,"href":"https:\/\/www.antibo.it\/index.php?rest_route=\/wp\/v2\/pages\/1002\/revisions\/1004"}],"wp:attachment":[{"href":"https:\/\/www.antibo.it\/index.php?rest_route=%2Fwp%2Fv2%2Fmedia&parent=1002"}],"curies":[{"name":"wp","href":"https:\/\/api.w.org\/{rel}","templated":true}]}}